[INFO] fetching crate connectorx 0.3.1...
[INFO] checking connectorx-0.3.1 against master#e6e4f7ed1589e03bc2f6c5931c1a72e7947e8682 for beta-170-4
[INFO] extracting crate connectorx 0.3.1 into /workspace/builds/worker-3-tc2/source
[INFO] validating manifest of crates.io crate connectorx 0.3.1 on toolchain e6e4f7ed1589e03bc2f6c5931c1a72e7947e8682
[INFO] running `Command { std: CARGO_HOME="/workspace/cargo-home" RUSTUP_HOME="/workspace/rustup-home" "/workspace/cargo-home/bin/cargo" "+e6e4f7ed1589e03bc2f6c5931c1a72e7947e8682" "metadata" "--manifest-path" "Cargo.toml" "--no-deps", kill_on_drop: false }`
[INFO] started tweaking crates.io crate connectorx 0.3.1
[INFO] finished tweaking crates.io crate connectorx 0.3.1
[INFO] tweaked toml for crates.io crate connectorx 0.3.1 written to /workspace/builds/worker-3-tc2/source/Cargo.toml
[INFO] crate crates.io crate connectorx 0.3.1 already has a lockfile, it will not be regenerated
[INFO] running `Command { std: CARGO_HOME="/workspace/cargo-home" RUSTUP_HOME="/workspace/rustup-home" "/workspace/cargo-home/bin/cargo" "+e6e4f7ed1589e03bc2f6c5931c1a72e7947e8682" "fetch" "--manifest-path" "Cargo.toml", kill_on_drop: false }`
[INFO] running `Command { std: "docker" "create" "-v" "/var/lib/crater-agent-workspace/builds/worker-3-tc2/target:/opt/rustwide/target:rw,Z" "-v" "/var/lib/crater-agent-workspace/builds/worker-3-tc2/source:/opt/rustwide/workdir:ro,Z" "-v" "/var/lib/crater-agent-workspace/cargo-home:/opt/rustwide/cargo-home:ro,Z" "-v" "/var/lib/crater-agent-workspace/rustup-home:/opt/rustwide/rustup-home:ro,Z" "-e" "SOURCE_DIR=/opt/rustwide/workdir" "-e" "CARGO_TARGET_DIR=/opt/rustwide/target" "-e" "CARGO_HOME=/opt/rustwide/cargo-home" "-e" "RUSTUP_HOME=/opt/rustwide/rustup-home" "-w" "/opt/rustwide/workdir" "-m" "1610612736" "--user" "0:0" "--network" "none" "ghcr.io/rust-lang/crates-build-env/linux@sha256:19e73879b68f455e41552ea35293514db52ea292d993f571636dbffedb77a1ee" "/opt/rustwide/cargo-home/bin/cargo" "+e6e4f7ed1589e03bc2f6c5931c1a72e7947e8682" "metadata" "--no-deps" "--format-version=1", kill_on_drop: false }`
[INFO] [stdout] f60e9e7535ea8c50a57073d61a14c5b033bfbf4bd55a22a1d62571e4353c0dcf
[INFO] running `Command { std: "docker" "start" "-a" "f60e9e7535ea8c50a57073d61a14c5b033bfbf4bd55a22a1d62571e4353c0dcf", kill_on_drop: false }`
[INFO] running `Command { std: "docker" "inspect" "f60e9e7535ea8c50a57073d61a14c5b033bfbf4bd55a22a1d62571e4353c0dcf", kill_on_drop: false }`
[INFO] running `Command { std: "docker" "rm" "-f" "f60e9e7535ea8c50a57073d61a14c5b033bfbf4bd55a22a1d62571e4353c0dcf", kill_on_drop: false }`
[INFO] [stdout] f60e9e7535ea8c50a57073d61a14c5b033bfbf4bd55a22a1d62571e4353c0dcf
[INFO] running `Command { std: "docker" "create" "-v" "/var/lib/crater-agent-workspace/builds/worker-3-tc2/target:/opt/rustwide/target:rw,Z" "-v" "/var/lib/crater-agent-workspace/builds/worker-3-tc2/source:/opt/rustwide/workdir:ro,Z" "-v" "/var/lib/crater-agent-workspace/cargo-home:/opt/rustwide/cargo-home:ro,Z" "-v" "/var/lib/crater-agent-workspace/rustup-home:/opt/rustwide/rustup-home:ro,Z" "-e" "SOURCE_DIR=/opt/rustwide/workdir" "-e" "CARGO_TARGET_DIR=/opt/rustwide/target" "-e" "CARGO_INCREMENTAL=0" "-e" "RUST_BACKTRACE=full" "-e" "RUSTFLAGS=--cap-lints=forbid" "-e" "RUSTDOCFLAGS=--cap-lints=forbid" "-e" "CARGO_HOME=/opt/rustwide/cargo-home" "-e" "RUSTUP_HOME=/opt/rustwide/rustup-home" "-w" "/opt/rustwide/workdir" "-m" "1610612736" "--user" "0:0" "--network" "none" "ghcr.io/rust-lang/crates-build-env/linux@sha256:19e73879b68f455e41552ea35293514db52ea292d993f571636dbffedb77a1ee" "/opt/rustwide/cargo-home/bin/cargo" "+e6e4f7ed1589e03bc2f6c5931c1a72e7947e8682" "check" "--frozen" "--all" "--all-targets" "--message-format=json", kill_on_drop: false }`
[INFO] [stdout] 6056b7c8c6102d66755d2dcd3dc2eae712deb63ff44642e96587c8d935a3d709
[INFO] running `Command { std: "docker" "start" "-a" "6056b7c8c6102d66755d2dcd3dc2eae712deb63ff44642e96587c8d935a3d709", kill_on_drop: false }`
[INFO] [stderr]    Compiling syn v1.0.103
[INFO] [stderr]    Compiling ahash v0.7.6
[INFO] [stderr]     Checking num_cpus v1.13.1
[INFO] [stderr]    Compiling indexmap v1.9.1
[INFO] [stderr]    Compiling cpp_demangle v0.3.5
[INFO] [stderr]    Compiling serde_json v1.0.87
[INFO] [stderr]    Compiling cc v1.0.74
[INFO] [stderr]     Checking uuid v0.8.2
[INFO] [stderr]     Checking rayon-core v1.9.3
[INFO] [stderr]     Checking debugid v0.7.3
[INFO] [stderr]     Checking aho-corasick v0.7.19
[INFO] [stderr]     Checking memmap2 v0.5.7
[INFO] [stderr]     Checking getrandom v0.2.8
[INFO] [stderr]    Compiling symbolic-demangle v8.8.0
[INFO] [stderr]    Compiling anyhow v1.0.66
[INFO] [stderr]     Checking stable_deref_trait v1.2.0
[INFO] [stderr]     Checking arrayvec v0.7.2
[INFO] [stderr]     Checking bytemuck v1.12.2
[INFO] [stderr]     Checking rayon v1.5.3
[INFO] [stderr]     Checking regex v1.6.0
[INFO] [stderr]     Checking num-format v0.4.3
[INFO] [stderr]     Checking rgb v0.8.34
[INFO] [stderr]     Checking miniz_oxide v0.5.4
[INFO] [stderr]     Checking symbolic-common v8.8.0
[INFO] [stderr]     Checking quick-xml v0.22.0
[INFO] [stderr]    Compiling backtrace v0.3.66
[INFO] [stderr]     Checking object v0.29.0
[INFO] [stderr]    Compiling pprof v0.5.1
[INFO] [stderr]     Checking str_stack v0.1.0
[INFO] [stderr]     Checking nix v0.20.0
[INFO] [stderr]     Checking inferno v0.10.12
[INFO] [stderr]     Checking sqlparser v0.11.0
[INFO] [stderr]     Checking tinytemplate v1.2.1
[INFO] [stderr]     Checking env_logger v0.9.1
[INFO] [stderr]     Checking iai v0.1.1
[INFO] [stderr]    Compiling thiserror-impl v1.0.37
[INFO] [stderr]    Compiling fehler-macros v1.0.0
[INFO] [stderr]    Compiling serde_derive v1.0.147
[INFO] [stderr]     Checking fehler v1.0.0
[INFO] [stderr]     Checking thiserror v1.0.37
[INFO] [stderr]     Checking connectorx v0.3.1 (/opt/rustwide/workdir)
[INFO] [stderr]     Checking criterion v0.3.6
[INFO] [stdout] error[E0432]: unresolved import `connectorx::sources::oracle`
[INFO] [stdout]  --> tests/test_oracle.rs:2:26
[INFO] [stdout]   |
[INFO] [stdout] 2 | use connectorx::sources::oracle::OracleSource;
[INFO] [stdout]   |                          ^^^^^^ could not find `oracle` in `sources`
[INFO] [stdout] 
[INFO] [stdout] 
[INFO] [stdout] error[E0432]: unresolved import `connectorx::fed_dispatcher`
[INFO] [stdout]  --> tests/test_fed.rs:1:17
[INFO] [stdout]   |
[INFO] [stdout] 1 | use connectorx::fed_dispatcher::run;
[INFO] [stdout]   |                 ^^^^^^^^^^^^^^ could not find `fed_dispatcher` in `connectorx`
[INFO] [stdout] 
[INFO] [stdout] 
[INFO] [stdout] error[E0433]: failed to resolve: use of undeclared crate or module `arrow`
[INFO] [stdout]  --> tests/test_mssql.rs:1:5
[INFO] [stdout]   |
[INFO] [stdout] 1 | use arrow::{
[INFO] [stdout]   |     ^^^^^ use of undeclared crate or module `arrow`
[INFO] [stdout] 
[INFO] [stdout] 
[INFO] [stdout] error[E0433]: failed to resolve: use of undeclared crate or module `tokio`
[INFO] [stdout]   --> tests/test_mssql.rs:11:5
[INFO] [stdout]    |
[INFO] [stdout] 11 | use tokio::runtime::Runtime;
[INFO] [stdout]    |     ^^^^^ use of undeclared crate or module `tokio`
[INFO] [stdout] 
[INFO] [stdout] 
[INFO] [stdout] error[E0432]: unresolved imports `connectorx::destinations::arrow`, `connectorx::sources::mssql`, `connectorx::transports::MsSQLArrowTransport`
[INFO] [stdout]  --> tests/test_mssql.rs:6:19
[INFO] [stdout]   |
[INFO] [stdout] 6 |     destinations::arrow::ArrowDestination, prelude::*, sources::mssql::MsSQLSource, sql::CXQuery,
[INFO] [stdout]   |                   ^^^^^                                         ^^^^^ could not find `mssql` in `sources`
[INFO] [stdout]   |                   |
[INFO] [stdout]   |                   could not find `arrow` in `destinations`
[INFO] [stdout] 7 |     transports::MsSQLArrowTransport,
[INFO] [stdout]   |     ^^^^^^^^^^^^^^^^^^^^^^^^^^^^^^^ no `MsSQLArrowTransport` in `transports`
[INFO] [stdout] 
[INFO] [stdout] 
[INFO] [stdout] error[E0433]: failed to resolve: use of undeclared crate or module `arrow`
[INFO] [stdout]  --> tests/test_postgres.rs:1:5
[INFO] [stdout]   |
[INFO] [stdout] 1 | use arrow::{
[INFO] [stdout]   |     ^^^^^ use of undeclared crate or module `arrow`
[INFO] [stdout] 
[INFO] [stdout] 
[INFO] [stdout] warning: unused import: `connectorx::prelude`
[INFO] [stdout]  --> tests/test_oracle.rs:1:5
[INFO] [stdout]   |
[INFO] [stdout] 1 | use connectorx::prelude::*;
[INFO] [stdout]   |     ^^^^^^^^^^^^^^^^^^^
[INFO] [stdout]   |
[INFO] [stdout]   = note: `#[warn(unused_imports)]` on by default
[INFO] [stdout] 
[INFO] [stdout] 
[INFO] [stdout] error[E0433]: failed to resolve: use of undeclared crate or module `arrow`
[INFO] [stdout]   --> tests/test_fed.rs:20:5
[INFO] [stdout]    |
[INFO] [stdout] 20 |     arrow::util::pretty::print_batches(&rbs).unwrap();
[INFO] [stdout]    |     ^^^^^ use of undeclared crate or module `arrow`
[INFO] [stdout] 
[INFO] [stdout] 
[INFO] [stdout] error[E0432]: unresolved imports `connectorx::destinations::arrow`, `connectorx::sources::postgres`, `connectorx::transports::PostgresArrowTransport`
[INFO] [stdout]   --> tests/test_postgres.rs:6:19
[INFO] [stdout]    |
[INFO] [stdout] 6  |     destinations::arrow::ArrowDestination,
[INFO] [stdout]    |                   ^^^^^ could not find `arrow` in `destinations`
[INFO] [stdout] 7  |     prelude::*,
[INFO] [stdout] 8  |     sources::postgres::{rewrite_tls_args, BinaryProtocol, CSVProtocol, PostgresSource},
[INFO] [stdout]    |              ^^^^^^^^ could not find `postgres` in `sources`
[INFO] [stdout] ...
[INFO] [stdout] 11 |     transports::PostgresArrowTransport,
[INFO] [stdout]    |     ^^^^^^^^^^^^^^^^^^^^^^^^^^^^^^^^^^ no `PostgresArrowTransport` in `transports`
[INFO] [stdout] 
[INFO] [stdout] 
[INFO] [stdout] error[E0432]: unresolved import `postgres`
[INFO] [stdout]   --> tests/test_postgres.rs:13:5
[INFO] [stdout]    |
[INFO] [stdout] 13 | use postgres::NoTls;
[INFO] [stdout]    |     ^^^^^^^^ use of undeclared crate or module `postgres`
[INFO] [stdout] 
[INFO] [stdout] 
[INFO] [stdout] error: aborting due to 2 previous errors
[INFO] [stdout] 
[INFO] [stdout] 
[INFO] [stdout] error: aborting due to previous error; 1 warning emitted
[INFO] [stdout] 
[INFO] [stdout] 
[INFO] [stdout] For more information about this error, try `rustc --explain E0432`.
[INFO] [stdout] 
[INFO] [stdout] Some errors have detailed explanations: E0432, E0433.
[INFO] [stdout] 
[INFO] [stdout] For more information about an error, try `rustc --explain E0432`.
[INFO] [stdout] 
[INFO] [stderr] error: could not compile `connectorx` (test "test_oracle") due to 2 previous errors; 1 warning emitted
[INFO] [stderr] warning: build failed, waiting for other jobs to finish...
[INFO] [stderr] error: could not compile `connectorx` (test "test_fed") due to 3 previous errors
[INFO] [stdout] error[E0433]: failed to resolve: use of undeclared crate or module `arrow`
[INFO] [stdout]  --> tests/test_mysql.rs:1:5
[INFO] [stdout]   |
[INFO] [stdout] 1 | use arrow::{
[INFO] [stdout]   |     ^^^^^ use of undeclared crate or module `arrow`
[INFO] [stdout] 
[INFO] [stdout] 
[INFO] [stdout] error[E0432]: unresolved imports `connectorx::destinations::arrow`, `connectorx::sources::mysql`, `connectorx::transports::MySQLArrowTransport`
[INFO] [stdout]   --> tests/test_mysql.rs:6:19
[INFO] [stdout]    |
[INFO] [stdout] 6  |     destinations::arrow::ArrowDestination,
[INFO] [stdout]    |                   ^^^^^ could not find `arrow` in `destinations`
[INFO] [stdout] 7  |     prelude::*,
[INFO] [stdout] 8  |     sources::mysql::{BinaryProtocol, MySQLSource, TextProtocol},
[INFO] [stdout]    |              ^^^^^ could not find `mysql` in `sources`
[INFO] [stdout] 9  |     sql::CXQuery,
[INFO] [stdout] 10 |     transports::MySQLArrowTransport,
[INFO] [stdout]    |     ^^^^^^^^^^^^^^^^^^^^^^^^^^^^^^^ no `MySQLArrowTransport` in `transports`
[INFO] [stdout] 
[INFO] [stdout] 
[INFO] [stdout] error[E0433]: failed to resolve: use of undeclared crate or module `polars`
[INFO] [stdout]   --> tests/test_polars.rs:12:5
[INFO] [stdout]    |
[INFO] [stdout] 12 | use polars::{df, prelude::*};
[INFO] [stdout]    |     ^^^^^^ use of undeclared crate or module `polars`
[INFO] [stdout] 
[INFO] [stdout] 
[INFO] [stdout] error[E0432]: unresolved imports `connectorx::constants::RECORD_BATCH_SIZE`, `connectorx::destinations::arrow2`, `connectorx::sources::dummy`, `connectorx::sources::postgres`, `connectorx::transports::DummyArrow2Transport`, `connectorx::transports::PostgresArrow2Transport`
[INFO] [stdout]   --> tests/test_polars.rs:2:5
[INFO] [stdout]    |
[INFO] [stdout] 2  |     constants::RECORD_BATCH_SIZE,
[INFO] [stdout]    |     ^^^^^^^^^^^^^^^^^^^^^^^^^^^^ no `RECORD_BATCH_SIZE` in `constants`
[INFO] [stdout] 3  |     destinations::arrow2::Arrow2Destination,
[INFO] [stdout]    |                   ^^^^^^ could not find `arrow2` in `destinations`
[INFO] [stdout] ...
[INFO] [stdout] 6  |         dummy::{DummySource, DummyTypeSystem},
[INFO] [stdout]    |         ^^^^^ could not find `dummy` in `sources`
[INFO] [stdout] 7  |         postgres::{rewrite_tls_args, BinaryProtocol, PostgresSource},
[INFO] [stdout]    |         ^^^^^^^^ could not find `postgres` in `sources`
[INFO] [stdout] ...
[INFO] [stdout] 10 |     transports::{DummyArrow2Transport, PostgresArrow2Transport},
[INFO] [stdout]    |                  ^^^^^^^^^^^^^^^^^^^^  ^^^^^^^^^^^^^^^^^^^^^^^ no `PostgresArrow2Transport` in `transports`
[INFO] [stdout]    |                  |
[INFO] [stdout]    |                  no `DummyArrow2Transport` in `transports`
[INFO] [stdout] 
[INFO] [stdout] 
[INFO] [stdout] error[E0432]: unresolved import `polars`
[INFO] [stdout]   --> tests/test_polars.rs:12:5
[INFO] [stdout]    |
[INFO] [stdout] 12 | use polars::{df, prelude::*};
[INFO] [stdout]    |     ^^^^^^ use of undeclared crate or module `polars`
[INFO] [stdout] 
[INFO] [stdout] 
[INFO] [stdout] error[E0432]: unresolved import `postgres`
[INFO] [stdout]   --> tests/test_polars.rs:13:5
[INFO] [stdout]    |
[INFO] [stdout] 13 | use postgres::NoTls;
[INFO] [stdout]    |     ^^^^^^^^ use of undeclared crate or module `postgres`
[INFO] [stdout] 
[INFO] [stdout] 
[INFO] [stdout] error: cannot determine resolution for the macro `df`
[INFO] [stdout]   --> tests/test_polars.rs:43:20
[INFO] [stdout]    |
[INFO] [stdout] 43 |     let expected = df!(
[INFO] [stdout]    |                    ^^
[INFO] [stdout]    |
[INFO] [stdout]    = note: import resolution is stuck, try simplifying macro imports
[INFO] [stdout] 
[INFO] [stdout] 
[INFO] [stdout] error: cannot determine resolution for the macro `df`
[INFO] [stdout]   --> tests/test_polars.rs:53:21
[INFO] [stdout]    |
[INFO] [stdout] 53 |     let expected2 = df!(
[INFO] [stdout]    |                     ^^
[INFO] [stdout]    |
[INFO] [stdout]    = note: import resolution is stuck, try simplifying macro imports
[INFO] [stdout] 
[INFO] [stdout] 
[INFO] [stdout] error: cannot determine resolution for the macro `df`
[INFO] [stdout]    --> tests/test_polars.rs:120:20
[INFO] [stdout]     |
[INFO] [stdout] 120 |     let expected = df!(
[INFO] [stdout]     |                    ^^
[INFO] [stdout]     |
[INFO] [stdout]     = note: import resolution is stuck, try simplifying macro imports
[INFO] [stdout] 
[INFO] [stdout] 
[INFO] [stdout] error: cannot determine resolution for the macro `df`
[INFO] [stdout]    --> tests/test_polars.rs:129:21
[INFO] [stdout]     |
[INFO] [stdout] 129 |     let expected2 = df!(
[INFO] [stdout]     |                     ^^
[INFO] [stdout]     |
[INFO] [stdout]     = note: import resolution is stuck, try simplifying macro imports
[INFO] [stdout] 
[INFO] [stdout] 
[INFO] [stdout] error[E0412]: cannot find type `DataFrame` in this scope
[INFO] [stdout]   --> tests/test_polars.rs:42:13
[INFO] [stdout]    |
[INFO] [stdout] 42 |     let df: DataFrame = destination.polars().unwrap();
[INFO] [stdout]    |             ^^^^^^^^^ not found in this scope
[INFO] [stdout] 
[INFO] [stdout] 
[INFO] [stdout] error[E0412]: cannot find type `DataFrame` in this scope
[INFO] [stdout]   --> tests/test_polars.rs:90:13
[INFO] [stdout]    |
[INFO] [stdout] 90 |     let df: DataFrame = destination.polars().unwrap();
[INFO] [stdout]    |             ^^^^^^^^^ not found in this scope
[INFO] [stdout] 
[INFO] [stdout] 
[INFO] [stdout] error[E0412]: cannot find type `DataFrame` in this scope
[INFO] [stdout]    --> tests/test_polars.rs:118:13
[INFO] [stdout]     |
[INFO] [stdout] 118 |     let df: DataFrame = destination.polars().unwrap();
[INFO] [stdout]     |             ^^^^^^^^^ not found in this scope
[INFO] [stdout] 
[INFO] [stdout] 
[INFO] [stdout] error[E0433]: failed to resolve: use of undeclared crate or module `arrow`
[INFO] [stdout]  --> tests/test_csv.rs:1:5
[INFO] [stdout]   |
[INFO] [stdout] 1 | use arrow::array::Int64Array;
[INFO] [stdout]   |     ^^^^^ use of undeclared crate or module `arrow`
[INFO] [stdout] 
[INFO] [stdout] 
[INFO] [stdout] error[E0432]: unresolved imports `connectorx::destinations::arrow`, `connectorx::sources::csv`, `connectorx::transports::CSVArrowTransport`
[INFO] [stdout]   --> tests/test_csv.rs:4:19
[INFO] [stdout]    |
[INFO] [stdout] 4  |     destinations::arrow::{ArrowDestination, ArrowTypeSystem},
[INFO] [stdout]    |                   ^^^^^ could not find `arrow` in `destinations`
[INFO] [stdout] 5  |     sources::{
[INFO] [stdout] 6  |         csv::{CSVSource, CSVTypeSystem},
[INFO] [stdout]    |         ^^^ could not find `csv` in `sources`
[INFO] [stdout] ...
[INFO] [stdout] 10 |     transports::CSVArrowTransport,
[INFO] [stdout]    |     ^^^^^^^^^^^^^^^^^^^^^^^^^^^^^ no `CSVArrowTransport` in `transports`
[INFO] [stdout] 
[INFO] [stdout] 
[INFO] [stdout] error: aborting due to 3 previous errors
[INFO] [stdout] 
[INFO] [stdout] 
[INFO] [stdout] Some errors have detailed explanations: E0432, E0433.
[INFO] [stdout] 
[INFO] [stdout] For more information about an error, try `rustc --explain E0432`.
[INFO] [stdout] 
[INFO] [stderr] error: could not compile `connectorx` (test "test_mysql") due to 3 previous errors
[INFO] [stdout] error: aborting due to 2 previous errors
[INFO] [stdout] 
[INFO] [stdout] 
[INFO] [stderr] error: could not compile `connectorx` (test "test_mssql") due to 4 previous errors
[INFO] [stdout] Some errors have detailed explanations: E0432, E0433.
[INFO] [stdout] 
[INFO] [stdout] For more information about an error, try `rustc --explain E0432`.
[INFO] [stdout] 
[INFO] [stdout] error: aborting due to 11 previous errors
[INFO] [stdout] 
[INFO] [stdout] 
[INFO] [stdout] warning: unused import: `sources::PartitionParser`
[INFO] [stdout]  --> tests/test_postgres.rs:9:5
[INFO] [stdout]   |
[INFO] [stdout] 9 |     sources::PartitionParser,
[INFO] [stdout]   |     ^^^^^^^^^^^^^^^^^^^^^^^^
[INFO] [stdout]   |
[INFO] [stdout]   = note: `#[warn(unused_imports)]` on by default
[INFO] [stdout] 
[INFO] [stdout] 
[INFO] [stdout] Some errors have detailed explanations: E0412, E0432, E0433.
[INFO] [stdout] 
[INFO] [stdout] For more information about an error, try `rustc --explain E0412`.
[INFO] [stdout] 
[INFO] [stderr] error: could not compile `connectorx` (test "test_polars") due to 12 previous errors
[INFO] [stdout] warning: unused import: `PartitionParser`
[INFO] [stdout]  --> tests/test_csv.rs:7:9
[INFO] [stdout]   |
[INFO] [stdout] 7 |         PartitionParser,
[INFO] [stdout]   |         ^^^^^^^^^^^^^^^
[INFO] [stdout]   |
[INFO] [stdout]   = note: `#[warn(unused_imports)]` on by default
[INFO] [stdout] 
[INFO] [stdout] 
[INFO] [stdout] error: aborting due to 2 previous errors; 1 warning emitted
[INFO] [stdout] 
[INFO] [stdout] 
[INFO] [stdout] Some errors have detailed explanations: E0432, E0433.
[INFO] [stdout] 
[INFO] [stdout] For more information about an error, try `rustc --explain E0432`.
[INFO] [stdout] 
[INFO] [stdout] error: aborting due to 3 previous errors; 1 warning emitted
[INFO] [stdout] 
[INFO] [stdout] 
[INFO] [stdout] Some errors have detailed explanations: E0432, E0433.
[INFO] [stdout] 
[INFO] [stdout] For more information about an error, try `rustc --explain E0432`.
[INFO] [stdout] 
[INFO] [stderr] error: could not compile `connectorx` (test "test_postgres") due to 4 previous errors; 1 warning emitted
[INFO] [stderr] error: could not compile `connectorx` (test "test_csv") due to 3 previous errors; 1 warning emitted
[INFO] running `Command { std: "docker" "inspect" "6056b7c8c6102d66755d2dcd3dc2eae712deb63ff44642e96587c8d935a3d709", kill_on_drop: false }`
[INFO] running `Command { std: "docker" "rm" "-f" "6056b7c8c6102d66755d2dcd3dc2eae712deb63ff44642e96587c8d935a3d709", kill_on_drop: false }`
[INFO] [stdout] 6056b7c8c6102d66755d2dcd3dc2eae712deb63ff44642e96587c8d935a3d709
